{"id":288,"date":"2024-02-04T09:11:26","date_gmt":"2024-02-04T08:11:26","guid":{"rendered":"https:\/\/giftgallery.hr\/tesoro?page_id=288"},"modified":"2025-08-02T17:36:11","modified_gmt":"2025-08-02T15:36:11","slug":"o-nama","status":"publish","type":"page","link":"https:\/\/giftgallery.hr\/tesoro\/o-nama\/","title":{"rendered":"O  nama"},"content":{"rendered":"\t\t<div data-elementor-type=\"wp-page\" data-elementor-id=\"288\" class=\"elementor elementor-288\">\n\t\t\t\t<div class=\"elementor-element elementor-element-f0d16b8 e-flex e-con-boxed e-con e-parent\" data-id=\"f0d16b8\" data-element_type=\"container\">\n\t\t\t\t\t<div class=\"e-con-inner\">\n\t\t\t\t<div class=\"elementor-element elementor-element-7a647a94 elementor-widget elementor-widget-text-editor\" data-id=\"7a647a94\" data-element_type=\"widget\" data-widget_type=\"text-editor.default\">\n\t\t\t\t<div class=\"elementor-widget-container\">\n\t\t\t\t\t\t\t\t\t<h4>\u00a0<\/h4>\n<h1 class=\"has-text-align-left\"><strong>O nama<\/strong><\/h1>\n<div><strong>\u00a0<\/strong><\/div>\n<p class=\"has-text-align-left\">Tesoro, poklon-galerija i suvenirnica smje\u0161tena u sredi\u0161tu \u0111akova\u010dkoga Korza, ve\u0107 i svojim nazivom (hrv. <em>blago<\/em>) upu\u0107uje na raznolikost i upe\u010datljivost originalnih artikala koje nudi.<\/p>\n<p><!-- \/wp:paragraph --><\/p>\n<p><!-- wp:paragraph --><\/p>\n<p><!-- \/wp:paragraph --><\/p>\n<p><!-- wp:paragraph --><\/p>\n<p><!-- \/wp:paragraph --><\/p>\n<p><!-- wp:paragraph {\"align\":\"left\"} --><\/p>\n<p class=\"has-text-align-left\">Ma\u0161toviti pokloni, lokalni suveniri, ukrasni predmeti te razvojne i edukativne igra\u010dke za razli\u010dit uzrast tek su dio bogate ponude.<\/p>\n<p><!-- \/wp:paragraph --><\/p>\n<p><!-- wp:paragraph {\"align\":\"left\"} --><\/p>\n<p class=\"has-text-align-left\">Preferiramo prirodne materijale, kao i ekolo\u0161ki prihvatljive proizvode, a uz brojne vlastite ru\u010dno izra\u0111ene predmete, u ponudi su i ru\u010dni radovi drugih malih (ali idejama velikih!) hrvatskih proizvo\u0111a\u010da.<\/p>\n<p><!-- \/wp:paragraph --><\/p>\n<p><!-- wp:paragraph {\"align\":\"left\"} --><\/p>\n<p class=\"has-text-align-left\">\u00a0<\/p>\n<p><!-- \/wp:paragraph --><\/p>\n<p><!-- wp:heading {\"textAlign\":\"left\",\"level\":4} --><\/p>\n<p><strong>Kako do\u0107i do nas?<\/strong><\/p>\n<div class=\"wp-block-ive-google-map alignnone ive_google_map_c8d2cb-a2 alignundefined\">\n<div id=\"ive-google-map-5ac8d2cb-a2e0-41a4-a6af-75a42a302e4a\" class=\"ive-google-map__wrap\"><iframe class=\"ive-google-map__iframe\" style=\"height: 300px; width: 100%; opacity: 1;\" src=\"https:\/\/maps.google.com\/maps?q=Tesoro%20Ulica%20pape%2C%20Ul.%20Ivana%20Pavla%20II%2022%2C%2031400%2C%20%C4%90akovo&amp;t=&amp;z=12&amp;ie=UTF8&amp;iwloc=&amp;output=embed\"><\/iframe><\/div>\n<\/div>\n<p><!-- \/wp:ive\/google-map --><\/p>\n<p><!-- wp:paragraph --><\/p>\n<p><!-- \/wp:paragraph --><\/p>\t\t\t\t\t\t\t\t<\/div>\n\t\t\t\t<\/div>\n\t\t\t\t\t<\/div>\n\t\t\t\t<\/div>\n\t\t\t\t<\/div>\n\t\t","protected":false},"excerpt":{"rendered":"<p>\u00a0 O nama \u00a0 Tesoro, poklon-galerija i suvenirnica smje\u0161tena u sredi\u0161tu \u0111akova\u010dkoga Korza, ve\u0107 i svojim nazivom (hrv. blago) upu\u0107uje na raznolikost i upe\u010datljivost originalnih artikala koje nudi. Ma\u0161toviti pokloni, lokalni suveniri, ukrasni predmeti te razvojne i edukativne igra\u010dke za razli\u010dit uzrast tek su dio bogate ponude. Preferiramo prirodne materijale, kao i ekolo\u0161ki prihvatljive proizvode, [&hellip;]<\/p>\n","protected":false},"author":1,"featured_media":0,"parent":0,"menu_order":0,"comment_status":"closed","ping_status":"closed","template":"elementor_header_footer","meta":{"_regular_price":[],"currency_symbol":[],"_eb_attr":"","footnotes":""},"class_list":["post-288","page","type-page","status-publish","hentry"],"post_slider_layout_featured_media_urls":{"thumbnail":"","post_slider_layout_landscape_large":"","post_slider_layout_portrait_large":"","post_slider_layout_square_large":"","post_slider_layout_landscape":"","post_slider_layout_portrait":"","post_slider_layout_square":"","full":""},"_links":{"self":[{"href":"https:\/\/giftgallery.hr\/tesoro\/wp-json\/wp\/v2\/pages\/288","targetHints":{"allow":["GET"]}}],"collection":[{"href":"https:\/\/giftgallery.hr\/tesoro\/wp-json\/wp\/v2\/pages"}],"about":[{"href":"https:\/\/giftgallery.hr\/tesoro\/wp-json\/wp\/v2\/types\/page"}],"author":[{"embeddable":true,"href":"https:\/\/giftgallery.hr\/tesoro\/wp-json\/wp\/v2\/users\/1"}],"replies":[{"embeddable":true,"href":"https:\/\/giftgallery.hr\/tesoro\/wp-json\/wp\/v2\/comments?post=288"}],"version-history":[{"count":54,"href":"https:\/\/giftgallery.hr\/tesoro\/wp-json\/wp\/v2\/pages\/288\/revisions"}],"predecessor-version":[{"id":435,"href":"https:\/\/giftgallery.hr\/tesoro\/wp-json\/wp\/v2\/pages\/288\/revisions\/435"}],"wp:attachment":[{"href":"https:\/\/giftgallery.hr\/tesoro\/wp-json\/wp\/v2\/media?parent=288"}],"curies":[{"name":"wp","href":"https:\/\/api.w.org\/{rel}","templated":true}]}}